what is -35764 + -3?
-35767
In base 5, what is -332 - -24022?
23140
In base 2, what is 100 + -111000100001?
-111000011101
In base 12, what is 837 - -51?
888
In base 7, what is 242 - 46661?
-46416
In base 8, what is 1 + 37564?
37565
In base 7, what is -1266 - -565?
-401
In base 3, what is -1 - -121222001101?
121222001100
In base 16, what is 11 - 3d8?
-3c7
In base 7, what is 15 - -2310?
2325
In base 7, what is 3 - -123055?
123061
In base 10, what is -54663 + -3?
-54666
In base 4, what is 11231022023 - -2?
11231022031
In base 10, what is 230 + 1127?
1357
In base 16, what is -3 - 90c95?
-90c98
In base 16, what is -3 + 466?
463
In base 4, what is -3 - 100222300?
-100222303
In base 2, what is 1110 - 1010111101011111?
-1010111101010001
In base 5, what is 2204103 + 0?
2204103
In base 3, what is 21101 - 12101?
2000
In base 12, what is 15003 + 5?
15008
In base 11, what is -11 + 133?
122
In base 2, what is 1000011000000100 - 110110?
1000010111001110
In base 6, what is 250 + -55420?
-55130
In base 14, what is -4a + 73b?
6d1
In base 12, what is -37380 - 0?
-37380
In base 12, what is 171338 + 1?
171339
In base 12, what is -6250 - 2b?
-627b
In base 2, what is -11110100 + 1101010010?
1001011110
In base 13, what is 83cb - -130?
852b
In base 4, what is 23 - -100332?
101021
In base 12, what is -2 - 8ab6?
-8ab8
In base 2, what is 101000011100 - 10011?
101000001001
In base 11, what is -21a41 + 3?
-21a39
In base 4, what is 10 + 10223331001?
10223331011
In base 16, what is 9 + 33d?
346
In base 2, what is -100001110011000 - 11011?
-100001110110011
In base 9, what is 8 - -2183?
2202
In base 2, what is 1 + -10011111001000?
-10011111000111
In base 13, what is 84398 + 2?
8439a
In base 6, what is 1213 + 205?
1422
In base 5, what is -23012 - 13?
-23030
In base 2, what is -11001 + -1000010000101100010?
-1000010000101111011
In base 2, what is 100110100110011 - -1000001?
100110101110100
In base 11, what is -93 + 820?
738
In base 11, what is -a173 - -5?
-a169
In base 6, what is 400121 + -234?
355443
In base 7, what is -1 - -1264616?
1264615
In base 16, what is -7 - -34c3?
34bc
In base 8, what is -27 - 7773?
-10022
In base 5, what is -111 - 1403214?
-1403330
In base 2, what is -11 + 10001101011101111110?
10001101011101111011
In base 12, what is 2 + 1b981?
1b983
In base 2, what is 1100 - -100001110111101?
100001111001001
In base 16, what is 72 - 2f4d?
-2edb
In base 16, what is 61 + -4aa?
-449
In base 4, what is 1 + 3301311?
3301312
In base 7, what is -250066 - 4?
-250103
In base 10, what is -1127 + 577?
-550
In base 12, what is 5 - 2b0513?
-2b050a
In base 8, what is -3 - 3576613?
-3576616
In base 11, what is 44 + -926?
-892
In base 13, what is 2431 - 97?
2367
In base 8, what is -2671 - -170?
-2501
In base 6, what is 1530 - 1430?
100
In base 5, what is 1022100 + -42?
1022003
In base 12, what is 11 + -152?
-141
In base 3, what is 11 - -2100100110?
2100100121
In base 5, what is 11 - 134311?
-134300
In base 12, what is 5 + 77553?
77558
In base 3, what is 1202202001 - 2?
1202201222
In base 15, what is 784d8 - 2?
784d6
In base 2, what is 10101 + 111000000111110?
111000001010011
In base 5, what is -31 + 121120?
121034
In base 6, what is -233541232 - -1?
-233541231
In base 11, what is -74466 + 5?
-74461
In base 3, what is -20000112112 + -220?
-20000120102
In base 3, what is 2010012 - 2111?
2000201
In base 3, what is 202 - -11112012?
11112221
In base 6, what is -152 + 2221?
2025
In base 8, what is 1 - 11346?
-11345
In base 16, what is -6a40 + -1?
-6a41
In base 13, what is -19 + 462?
446
In base 13, what is 7679 + 6?
7682
In base 14, what is a + b85?
b91
In base 14, what is 5 + -27954?
-2794d
In base 9, what is -1 - -33130?
33128
In base 8, what is -1220 + -210?
-1430
In base 15, what is 629c + 0?
629c
In base 16, what is -3 + 5619?
5616
In base 7, what is -405136 - -31?
-405105
In base 14, what is -3b - 528?
-565
In base 8, what is 10 + -120163?
-120153
In base 14, what is b90 + -25?
b69
In base 15, what is 1469 + -20?
1449
In base 7, what is 1341216 - 0?
1341216
In base 14, what is 47dc + 63?
4861
In base 2, what is -100110 - 10011111?
-11000101
In base 13, what is -5418 - -4?
-5414
In base 14, what is 82b8 + 60?
8338
In base 9, what is 772 + 55?
837
In base 11, what is 57 + 280?
327
In base 12, what is 5 - 122653?
-12264a
In base 2, what is 11 + -1000111000001101?
-1000111000001010
In base 6, what is -11302 + -22423?
-34125
In base 11, what is -a0 - -367?
277
In base 6, what is 424 - 30?
354
In base 9, what is 12 + 57204?
57216
In base 5, what is -31241 - -42?
-31144
In base 13, what is 1712 + -1a?
16c5
In base 16, what is 6d7 + -1c?
6bb
In base 5, what is -14 - -3110?
3041
In base 4, what is 222200 - -112?
222312
In base 7, what is -14564 + -4?
-14601
In base 7, what is -2665 - -101?
-2564
In base 16, what is -37c7 - -2?
-37c5
In base 14, what is -5a991 - 0?
-5a991
In base 15, what is -104605 + 2?
-104603
In base 14, what is 4adc8 - -1?
4adc9
In base 10, what is 981 - -122?
1103
In base 5, what is 22343 + 221?
23114
In base 15, what is 4 + 7ec96?
7ec9a
In base 3, what is -1010211120220 + -11?
-1010211121001
In base 4, what is 23 + 102301301?
102301330
In base 10, what is 51 + 327?
378
In base 3, what is 10 + 100121200?
100121210
In base 9, what is -10 - -234?
224
In base 6, what is -3 - -300233?
300230
In base 6, what is -3 - 42535?
-42542
In base 16, what is 13ce - -1?
13cf
In base 3, what is -2 + -212122?
-212201
In base 15, what is -2469b + 6?
-24695
In base 8, what is 2017 - -1125?
3144
In base 16, what is 1f02 + -4b?
1eb7
In base 8, what is 3 + 34747?
34752
In base 13, what is -a0b63 + 5?
-a0b5b
In base 15, what is -28 - -4b6?
48d
In base 5, what is -3411322231 + 1?
-3411322230
In base 7, what is 225 - -5456?
6014
In base 2, what is -101101 + -11101111101011?
-11110000011000
In base 7, what is 1160 + -130?
1030
In base 6, what is -4 + -2010405?
-2010413
In base 8, what is 23 + 211776?
212021
In base 4, what is -2210 + 13010233?
13002023
In base 6, what is 145 - -140?
325
In base 10, what is -22 - 345?
-367
In base 12, what is -29491a4 + 0?
-29491a4
In base 2, what is -10000111110000 + -10?
-10000111110010
In base 8, what is 1132 - -161?
1313
In base 6, what is 0 + -2415143?
-2415143
In base 8, what is 22 + -160204?
-160162
In base 2, what is 1100010101011001 + -10?
1100010101010111
In base 13, what is 0 - -39b0?
39b0
In base 5, what is 3020412 + 0?
3020412
In base 14, what is 3a0 - -99?
459
In base 4, what is 103001 - -113?
103120
In base 6, what is 3 + 145100?
145103
In base 11, what is -4 - 71556?
-7155a
In base 6, what is -2220 + 152?
-2024
In base 14, what is 137b - c9?
1292
In base 11, what is 38 + 14a16?
14a53
In base 7, what is -440 + -12?
-452
In base 7, what is -1113 + -10?
-1123
In base 8, what is -4 + 36402?
36376
In base 3, what is 1 + 212121210?
212121211
In base 9, what is -4 + -2453?
-2457
In base 2, what is 111101 - 100011101010100?
-100011100010111
In base 10, what is 5 + -145329?
-145324
In base 6, what is 11 - -2121?
2132
In base 2, what is 1001100111 - 111111110011?
-110110001100
In base 3, what is 11001201 + 2120?
11011021
In base 2, what is -11 - 10001010100011010?
-10001010100011101
In base 2, what is 11101011 - -100111?
100010010
In base 2, what is -11100 + -1111010110000?
-1111011001100
In base 9, what is -184660 + 7?
-184652
In base 14, what is 5 - -255505?
25550a
In base 15, what is 136 + -122?
14
In base 13, what is -7 + -363b?
-3645
In base 11, what is -1719539 + 4?
-1719535
In base 15, what is -27 - 8e?
-b6
In base 12, what is 19 - 711?
-6b4
In base 2, what is 1111010100001 - -10111?
1111010111000
In base 12, what is 1 + -66ab?
-66aa
In base 8, what is 3 - -222515?
222520
In base 10, what is 7 - 3824?
-3817
In base 12, what is -76 + 8?
-6a
In base 7, what is -251 + 26505?
26224
In base 4, what is -331102 - -30200?
-300302
In base 4, what is 320011 - -10102?
330113
In base 14, what is 363 - -2a?
38d
In base 12, what is 10 - -1a2?
1b2
In base 12, what is -3 - 493b?
-4942
In base 13, what is -2 - 330a?
-330c
In base 15, what is -5 - 1152a?
-11530
In base 7, what is 0 - -26325?
26325
In base 2, what is 100011 - 10011101010010?
-10011100101111
In base 10, what is -2 + -99453?
-99455
In base 15, what is -1 - 22dd?
-22de
In base 7, what is -1 + -163304